{"version":"1.0","provider_name":"Jos\u00e9 Ramilo Hermida","provider_url":"https:\/\/arquivigo.com","author_name":"4rquivig0","author_url":"https:\/\/arquivigo.com\/index.php\/author\/admin\/","title":"Primer edificio \"verde\" de Galicia - Jos\u00e9 Ramilo Hermida","type":"rich","width":600,"height":338,"html":"<blockquote class=\"wp-embedded-content\" data-secret=\"yzluCYpI10\"><a href=\"https:\/\/arquivigo.com\/index.php\/2020\/11\/24\/edificio-verde-galicia\/\">Primer edificio \u00abverde\u00bb de Galicia<\/a><\/blockquote><iframe sandbox=\"allow-scripts\" security=\"restricted\" src=\"https:\/\/arquivigo.com\/index.php\/2020\/11\/24\/edificio-verde-galicia\/embed\/#?secret=yzluCYpI10\" width=\"600\" height=\"338\" title=\"\u00abPrimer edificio \u00abverde\u00bb de Galicia\u00bb \u2014 Jos\u00e9 Ramilo Hermida\" data-secret=\"yzluCYpI10\" frameborder=\"0\" marginwidth=\"0\" marginheight=\"0\" scrolling=\"no\" class=\"wp-embedded-content\"><\/iframe><script type=\"text\/javascript\">\n\/* <![CDATA[ *\/\n\/*! This file is auto-generated *\/\n!function(d,l){\"use strict\";l.querySelector&&d.addEventListener&&\"undefined\"!=typeof URL&&(d.wp=d.wp||{},d.wp.receiveEmbedMessage||(d.wp.receiveEmbedMessage=function(e){var t=e.data;if((t||t.secret||t.message||t.value)&&!\/[^a-zA-Z0-9]\/.test(t.secret)){for(var s,r,n,a=l.querySelectorAll('iframe[data-secret=\"'+t.secret+'\"]'),o=l.querySelectorAll('blockquote[data-secret=\"'+t.secret+'\"]'),c=new RegExp(\"^https?:$\",\"i\"),i=0;i<o.length;i++)o[i].style.display=\"none\";for(i=0;i<a.length;i++)s=a[i],e.source===s.contentWindow&&(s.removeAttribute(\"style\"),\"height\"===t.message?(1e3<(r=parseInt(t.value,10))?r=1e3:~~r<200&&(r=200),s.height=r):\"link\"===t.message&&(r=new URL(s.getAttribute(\"src\")),n=new URL(t.value),c.test(n.protocol))&&n.host===r.host&&l.activeElement===s&&(d.top.location.href=t.value))}},d.addEventListener(\"message\",d.wp.receiveEmbedMessage,!1),l.addEventListener(\"DOMContentLoaded\",function(){for(var e,t,s=l.querySelectorAll(\"iframe.wp-embedded-content\"),r=0;r<s.length;r++)(t=(e=s[r]).getAttribute(\"data-secret\"))||(t=Math.random().toString(36).substring(2,12),e.src+=\"#?secret=\"+t,e.setAttribute(\"data-secret\",t)),e.contentWindow.postMessage({message:\"ready\",secret:t},\"*\")},!1)))}(window,document);\n\/* ]]> *\/\n<\/script>\n","thumbnail_url":"https:\/\/arquivigo.com\/wp-content\/uploads\/2020\/11\/santa-marta-santiago2.jpg","thumbnail_width":1024,"thumbnail_height":563,"description":"El edificio M-13 del barrio compostelano de Santa Marta, un bloque de 36 viviendas promovido por Santiago Sur, es\u00a0el primero de Galicia que recibe el certificado \u00abVerde\u00bb\u00a0de la consultora internacional Green Building Council Espa\u00f1a (GBCe). Adem\u00e1s de la eficiencia energ\u00e9tica del propio edificio -situado entre las calles Travesa da Poza y Mar\u00eda Casares-, esta certificaci\u00f3n [&hellip;]"}

José Ramilo Hermida

Primer edificio "verde" de Galicia - José Ramilo Hermida

<blockquote class="wp-embedded-content" data-secret="yzluCYpI10"><a href="https://arquivigo.com/index.php/2020/11/24/edificio-verde-galicia/">Primer edificio «verde» de Galicia</a></blockquote><iframe sandbox="allow-scripts" security="restricted" src="https://arquivigo.com/index.php/2020/11/24/edificio-verde-galicia/embed/#?secret=yzluCYpI10" width="600" height="338" title="«Primer edificio «verde» de Galicia» — José Ramilo Hermida" data-secret="yzluCYpI10" frameborder="0" marginwidth="0" marginheight="0" scrolling="no" class="wp-embedded-content"></iframe><script type="text/javascript">
/* <![CDATA[ */
/*! This file is auto-generated */
!function(d,l){"use strict";l.querySelector&&d.addEventListener&&"undefined"!=typeof URL&&(d.wp=d.wp||{},d.wp.receiveEmbedMessage||(d.wp.receiveEmbedMessage=function(e){var t=e.data;if((t||t.secret||t.message||t.value)&&!/[^a-zA-Z0-9]/.test(t.secret)){for(var s,r,n,a=l.querySelectorAll('iframe[data-secret="'+t.secret+'"]'),o=l.querySelectorAll('blockquote[data-secret="'+t.secret+'"]'),c=new RegExp("^https?:$","i"),i=0;i<o.length;i++)o[i].style.display="none";for(i=0;i<a.length;i++)s=a[i],e.source===s.contentWindow&&(s.removeAttribute("style"),"height"===t.message?(1e3<(r=parseInt(t.value,10))?r=1e3:~~r<200&&(r=200),s.height=r):"link"===t.message&&(r=new URL(s.getAttribute("src")),n=new URL(t.value),c.test(n.protocol))&&n.host===r.host&&l.activeElement===s&&(d.top.location.href=t.value))}},d.addEventListener("message",d.wp.receiveEmbedMessage,!1),l.addEventListener("DOMContentLoaded",function(){for(var e,t,s=l.querySelectorAll("iframe.wp-embedded-content"),r=0;r<s.length;r++)(t=(e=s[r]).getAttribute("data-secret"))||(t=Math.random().toString(36).substring(2,12),e.src+="#?secret="+t,e.setAttribute("data-secret",t)),e.contentWindow.postMessage({message:"ready",secret:t},"*")},!1)))}(window,document);
/* ]]> */
</script>

El edificio M-13 del barrio compostelano de Santa Marta, un bloque de 36 viviendas promovido por Santiago Sur, es el primero de Galicia que recibe el certificado «Verde» de la consultora internacional Green Building Council España (GBCe). Además de la eficiencia energética del propio edificio -situado entre las calles Travesa da Poza y María Casares-, esta certificación [&hellip;]
