{"version":"1.0","provider_name":"Jos\u00e9 Ramilo Hermida","provider_url":"https:\/\/arquivigo.com","author_name":"4rquivig0","author_url":"https:\/\/arquivigo.com\/index.php\/author\/admin\/","title":"Ley de Arquitectura para Galicia - Jos\u00e9 Ramilo Hermida","type":"rich","width":600,"height":338,"html":"<blockquote class=\"wp-embedded-content\" data-secret=\"TJJBwG0BI4\"><a href=\"https:\/\/arquivigo.com\/index.php\/2020\/12\/04\/ley-arquitectura-galicia\/\">Ley de Arquitectura para Galicia<\/a><\/blockquote><iframe sandbox=\"allow-scripts\" security=\"restricted\" src=\"https:\/\/arquivigo.com\/index.php\/2020\/12\/04\/ley-arquitectura-galicia\/embed\/#?secret=TJJBwG0BI4\" width=\"600\" height=\"338\" title=\"\u00abLey de Arquitectura para Galicia\u00bb \u2014 Jos\u00e9 Ramilo Hermida\" data-secret=\"TJJBwG0BI4\" frameborder=\"0\" marginwidth=\"0\" marginheight=\"0\" scrolling=\"no\" class=\"wp-embedded-content\"><\/iframe><script type=\"text\/javascript\">\n\/* <![CDATA[ *\/\n\/*! This file is auto-generated *\/\n!function(d,l){\"use strict\";l.querySelector&&d.addEventListener&&\"undefined\"!=typeof URL&&(d.wp=d.wp||{},d.wp.receiveEmbedMessage||(d.wp.receiveEmbedMessage=function(e){var t=e.data;if((t||t.secret||t.message||t.value)&&!\/[^a-zA-Z0-9]\/.test(t.secret)){for(var s,r,n,a=l.querySelectorAll('iframe[data-secret=\"'+t.secret+'\"]'),o=l.querySelectorAll('blockquote[data-secret=\"'+t.secret+'\"]'),c=new RegExp(\"^https?:$\",\"i\"),i=0;i<o.length;i++)o[i].style.display=\"none\";for(i=0;i<a.length;i++)s=a[i],e.source===s.contentWindow&&(s.removeAttribute(\"style\"),\"height\"===t.message?(1e3<(r=parseInt(t.value,10))?r=1e3:~~r<200&&(r=200),s.height=r):\"link\"===t.message&&(r=new URL(s.getAttribute(\"src\")),n=new URL(t.value),c.test(n.protocol))&&n.host===r.host&&l.activeElement===s&&(d.top.location.href=t.value))}},d.addEventListener(\"message\",d.wp.receiveEmbedMessage,!1),l.addEventListener(\"DOMContentLoaded\",function(){for(var e,t,s=l.querySelectorAll(\"iframe.wp-embedded-content\"),r=0;r<s.length;r++)(t=(e=s[r]).getAttribute(\"data-secret\"))||(t=Math.random().toString(36).substring(2,12),e.src+=\"#?secret=\"+t,e.setAttribute(\"data-secret\",t)),e.contentWindow.postMessage({message:\"ready\",secret:t},\"*\")},!1)))}(window,document);\n\/* ]]> *\/\n<\/script>\n","thumbnail_url":"https:\/\/arquivigo.com\/wp-content\/uploads\/2020\/12\/consello-da-Xunta-scaled.jpg","thumbnail_width":2560,"thumbnail_height":1707,"description":"La Xunta ha dado el primer paso para que Galicia se dote de la primera Ley de arquitectura gallega. Este paso consiste en la aprobaci\u00f3n del proyecto de decreto por el que se inicia el periodo de consulta previa, lo que Galicia se equiparar\u00e1 con territorios como Catalu\u00f1a o Extremadura. La arquitectura &#8211;remarca el Ejecutivo [&hellip;]"}

José Ramilo Hermida

Ley de Arquitectura para Galicia - José Ramilo Hermida

<blockquote class="wp-embedded-content" data-secret="TJJBwG0BI4"><a href="https://arquivigo.com/index.php/2020/12/04/ley-arquitectura-galicia/">Ley de Arquitectura para Galicia</a></blockquote><iframe sandbox="allow-scripts" security="restricted" src="https://arquivigo.com/index.php/2020/12/04/ley-arquitectura-galicia/embed/#?secret=TJJBwG0BI4" width="600" height="338" title="«Ley de Arquitectura para Galicia» — José Ramilo Hermida" data-secret="TJJBwG0BI4" frameborder="0" marginwidth="0" marginheight="0" scrolling="no" class="wp-embedded-content"></iframe><script type="text/javascript">
/* <![CDATA[ */
/*! This file is auto-generated */
!function(d,l){"use strict";l.querySelector&&d.addEventListener&&"undefined"!=typeof URL&&(d.wp=d.wp||{},d.wp.receiveEmbedMessage||(d.wp.receiveEmbedMessage=function(e){var t=e.data;if((t||t.secret||t.message||t.value)&&!/[^a-zA-Z0-9]/.test(t.secret)){for(var s,r,n,a=l.querySelectorAll('iframe[data-secret="'+t.secret+'"]'),o=l.querySelectorAll('blockquote[data-secret="'+t.secret+'"]'),c=new RegExp("^https?:$","i"),i=0;i<o.length;i++)o[i].style.display="none";for(i=0;i<a.length;i++)s=a[i],e.source===s.contentWindow&&(s.removeAttribute("style"),"height"===t.message?(1e3<(r=parseInt(t.value,10))?r=1e3:~~r<200&&(r=200),s.height=r):"link"===t.message&&(r=new URL(s.getAttribute("src")),n=new URL(t.value),c.test(n.protocol))&&n.host===r.host&&l.activeElement===s&&(d.top.location.href=t.value))}},d.addEventListener("message",d.wp.receiveEmbedMessage,!1),l.addEventListener("DOMContentLoaded",function(){for(var e,t,s=l.querySelectorAll("iframe.wp-embedded-content"),r=0;r<s.length;r++)(t=(e=s[r]).getAttribute("data-secret"))||(t=Math.random().toString(36).substring(2,12),e.src+="#?secret="+t,e.setAttribute("data-secret",t)),e.contentWindow.postMessage({message:"ready",secret:t},"*")},!1)))}(window,document);
/* ]]> */
</script>

La Xunta ha dado el primer paso para que Galicia se dote de la primera Ley de arquitectura gallega. Este paso consiste en la aprobación del proyecto de decreto por el que se inicia el periodo de consulta previa, lo que Galicia se equiparará con territorios como Cataluña o Extremadura. La arquitectura &#8211;remarca el Ejecutivo [&hellip;]
